{"id":98,"date":"2021-02-13T17:01:09","date_gmt":"2021-02-13T16:01:09","guid":{"rendered":"https:\/\/www.sitefactory.be\/design\/?page_id=98"},"modified":"2021-03-06T15:35:02","modified_gmt":"2021-03-06T14:35:02","slug":"procede","status":"publish","type":"page","link":"https:\/\/www.sitefactory.be\/design\/procede\/","title":{"rendered":"Proc\u00e9d\u00e9"},"content":{"rendered":"\n<p><strong>COMMENT PROC\u00c9DER ?<\/strong><\/p>\n\n\n\n<p><strong>Vous choisissez votre formule :<\/strong><\/p>\n\n\n\n<p>1) Vous lancez une nouvelle soci\u00e9t\u00e9 et vous ne poss\u00e9dez pas encore de site. Selon votre budget vous avez le choix entre plusieurs propositions de sites et diff\u00e9rents prix.<br>2) Vous poss\u00e9dez d\u00e9j\u00e0 un site et vous souhaitez le relooker. Vous d\u00e9sirez donc faire \u00e9voluer votre site existant, le renouveler, le rafra\u00eechir, le rendre plus actuel. <br><br>Prenez contact par email.<\/p>\n\n\n\n<p><a href=\"mailto:info@baron.be\">E-mail<\/a><\/p>\n","protected":false},"excerpt":{"rendered":"<p>COMMENT PROC\u00c9DER ? Vous choisissez votre formule : 1) Vous lancez une nouvelle soci\u00e9t\u00e9 et vous ne poss\u00e9dez pas encore de site. Selon votre budget vous avez le choix entre plusieurs propositions de sites et diff\u00e9rents prix.2) Vous poss\u00e9dez d\u00e9j\u00e0 un site et vous souhaitez le relooker. Vous d\u00e9sirez donc faire \u00e9voluer votre site existant, &hellip; <\/p>\n<p class=\"link-more\"><a href=\"https:\/\/www.sitefactory.be\/design\/procede\/\" class=\"more-link\">Continuer la lecture<span class=\"screen-reader-text\"> de &laquo;&nbsp;Proc\u00e9d\u00e9&nbsp;&raquo;<\/span><\/a><\/p>\n","protected":false},"author":1,"featured_media":0,"parent":0,"menu_order":0,"comment_status":"closed","ping_status":"closed","template":"","meta":[],"_links":{"self":[{"href":"https:\/\/www.sitefactory.be\/design\/wp-json\/wp\/v2\/pages\/98"}],"collection":[{"href":"https:\/\/www.sitefactory.be\/design\/wp-json\/wp\/v2\/pages"}],"about":[{"href":"https:\/\/www.sitefactory.be\/design\/wp-json\/wp\/v2\/types\/page"}],"author":[{"embeddable":true,"href":"https:\/\/www.sitefactory.be\/design\/wp-json\/wp\/v2\/users\/1"}],"replies":[{"embeddable":true,"href":"https:\/\/www.sitefactory.be\/design\/wp-json\/wp\/v2\/comments?post=98"}],"version-history":[{"count":11,"href":"https:\/\/www.sitefactory.be\/design\/wp-json\/wp\/v2\/pages\/98\/revisions"}],"predecessor-version":[{"id":193,"href":"https:\/\/www.sitefactory.be\/design\/wp-json\/wp\/v2\/pages\/98\/revisions\/193"}],"wp:attachment":[{"href":"https:\/\/www.sitefactory.be\/design\/wp-json\/wp\/v2\/media?parent=98"}],"curies":[{"name":"wp","href":"https:\/\/api.w.org\/{rel}","templated":true}]}}